{"id":1901,"date":"2018-03-04T21:28:51","date_gmt":"2018-03-04T20:28:51","guid":{"rendered":"http:\/\/www.aberhallo.news\/news\/?page_id=1901"},"modified":"2026-02-18T15:37:58","modified_gmt":"2026-02-18T14:37:58","slug":"aber-hallo-redaktion","status":"publish","type":"page","link":"https:\/\/www.aberhallo.news\/news\/wir-ueber-uns\/aber-hallo-redaktion\/","title":{"rendered":"ABER HALLO Redaktion"},"content":{"rendered":"<p>Die Schulzeitung ABER HALLO erscheint in der Regel einmal, in besonderen F\u00e4llen zweimal pro Schuljahr. In einer Arbeitsgemeinschaft arbeiten die Sch\u00fclerinnen und Sch\u00fcler jeden Mittwochnachmittag von 13.40 Uhr bis 17 Uhr im Redaktionsraum in der Schule.<\/p>\n<p style=\"text-align: center;\"><strong>Unsere aktuelle Redaktion (2025\/26):<\/strong><\/p>\n<p style=\"text-align: center;\">Lucien Rachner, Kl. 9c (Chefredakteur)<br \/>\n<em>\u00a0 \u2665 texten \u2666 fotografieren \u2666 instagram\u00a0 \u2666 tiktok<\/em><\/p>\n<p style=\"text-align: center;\">Jenke Ferner, Kl. 6a<br \/>\n<em>\u2666 neustarter\u00a0 \u2666 fotografieren<\/em><\/p>\n<p style=\"text-align: center;\">Fabian Reichardt, Kl. 6b<br \/>\n<em>\u2666 neustarter<\/em><\/p>\n<p style=\"text-align: center;\">Theo Melius, Kl. 6a<br \/>\n<em>\u2666 neustarter<\/em><\/p>\n<p style=\"text-align: center;\">Leiv Stuck, Kl. 8a<br \/>\n<em>\u2666 texten\u00a0 \u2666 recherche<\/em><\/p>\n<p style=\"text-align: center;\">Ben Heimann, Kl. 8a<br \/>\n<em>\u2666 politik\u00a0 \u2666 interview<\/em><\/p>\n<p style=\"text-align: center;\">Laura Min\u00dfen, Kl. 9a<br \/>\n<em>\u2666 neustarterin<\/em><\/p>\n<p style=\"text-align: center;\">Kieran B\u00fcsing, Kl. 9a<br \/>\n<em>\u2666 texten\u00a0 \u2666 fotografieren<\/em><\/p>\n<p style=\"text-align: center;\">Lennox Grajewski, Kl. 9a<br \/>\n<em>\u2666 neustarter<\/em><\/p>\n<p style=\"text-align: center;\">Adrian Sch\u00f6tt, Kl. 9a<br \/>\n<em>\u2666 video\u00a0 \u2666 kreatives texten<\/em><\/p>\n<p style=\"text-align: center;\">Finn Ole Jaedtke, Kl. 9a<br \/>\n<em>\u2666 texten \u2666 fotografieren<\/em><\/p>\n<p style=\"text-align: center;\">Amelie Lisner, Kl. 9c<br \/>\n<em>\u2666 texten<\/em><\/p>\n<p style=\"text-align: center;\">Benjamin Elsner, Kl. 9c<br \/>\n<em>\u2666 neustarter<\/em><\/p>\n<p style=\"text-align: center;\">Dean Meyer, Kl. 9d<br \/>\n<em>\u2666\u00a0 recherche\u00a0 \u2666 texten\u00a0 \u2666 instagram<\/em><\/p>\n<p style=\"text-align: center;\">Anna Sikora, Kl. 9d<br \/>\n<em>\u2666 neustarterin\u00a0 \u2666 texten<\/em><\/p>\n<p style=\"text-align: center;\">AG-Betreuer: Herr Lange<br \/>\n<em>\u2666 Korrekturleser\u00a0 \u2666 Kaffeetrinker\u00a0\u00a0<\/em><\/p>\n","protected":false},"excerpt":{"rendered":"<p>Die Schulzeitung ABER HALLO erscheint in der Regel einmal, in besonderen F\u00e4llen zweimal pro Schuljahr. In einer Arbeitsgemeinschaft arbeiten die Sch\u00fclerinnen und Sch\u00fcler jeden Mittwochnachmittag von 13.40 Uhr bis 17 Uhr im Redaktionsraum in der Schule. Unsere aktuelle Redaktion (2025\/26): Lucien Rachner, Kl. 9c (Chefredakteur) \u00a0 \u2665 texten \u2666 fotografieren \u2666 instagram\u00a0 \u2666 tiktok Jenke&#8230;<\/p>\n","protected":false},"author":1,"featured_media":0,"parent":18,"menu_order":0,"comment_status":"closed","ping_status":"closed","template":"","meta":{"jetpack_post_was_ever_published":false,"footnotes":""},"class_list":["post-1901","page","type-page","status-publish","hentry","no-featured-image","page-entry","loop-entry clr"],"jetpack_sharing_enabled":true,"jetpack_shortlink":"https:\/\/wp.me\/P83yhZ-uF","jetpack-related-posts":[],"_links":{"self":[{"href":"https:\/\/www.aberhallo.news\/news\/wp-json\/wp\/v2\/pages\/1901","targetHints":{"allow":["GET"]}}],"collection":[{"href":"https:\/\/www.aberhallo.news\/news\/wp-json\/wp\/v2\/pages"}],"about":[{"href":"https:\/\/www.aberhallo.news\/news\/wp-json\/wp\/v2\/types\/page"}],"author":[{"embeddable":true,"href":"https:\/\/www.aberhallo.news\/news\/wp-json\/wp\/v2\/users\/1"}],"replies":[{"embeddable":true,"href":"https:\/\/www.aberhallo.news\/news\/wp-json\/wp\/v2\/comments?post=1901"}],"version-history":[{"count":27,"href":"https:\/\/www.aberhallo.news\/news\/wp-json\/wp\/v2\/pages\/1901\/revisions"}],"predecessor-version":[{"id":7539,"href":"https:\/\/www.aberhallo.news\/news\/wp-json\/wp\/v2\/pages\/1901\/revisions\/7539"}],"up":[{"embeddable":true,"href":"https:\/\/www.aberhallo.news\/news\/wp-json\/wp\/v2\/pages\/18"}],"wp:attachment":[{"href":"https:\/\/www.aberhallo.news\/news\/wp-json\/wp\/v2\/media?parent=1901"}],"curies":[{"name":"wp","href":"https:\/\/api.w.org\/{rel}","templated":true}]}}

<p>Die Schulzeitung ABER HALLO erscheint in der Regel einmal, in besonderen Fällen zweimal pro Schuljahr. In einer Arbeitsgemeinschaft arbeiten die Schülerinnen und Schüler jeden Mittwochnachmittag von 13.40 Uhr bis 17 Uhr im Redaktionsraum in der Schule.</p>
<p style="text-align: center;"><strong>Unsere aktuelle Redaktion (2025/26):</strong></p>
<p style="text-align: center;">Lucien Rachner, Kl. 9c (Chefredakteur)<br />
<em>  ♥ texten ♦ fotografieren ♦ instagram  ♦ tiktok</em></p>
<p style="text-align: center;">Jenke Ferner, Kl. 6a<br />
<em>♦ neustarter  ♦ fotografieren</em></p>
<p style="text-align: center;">Fabian Reichardt, Kl. 6b<br />
<em>♦ neustarter</em></p>
<p style="text-align: center;">Theo Melius, Kl. 6a<br />
<em>♦ neustarter</em></p>
<p style="text-align: center;">Leiv Stuck, Kl. 8a<br />
<em>♦ texten  ♦ recherche</em></p>
<p style="text-align: center;">Ben Heimann, Kl. 8a<br />
<em>♦ politik  ♦ interview</em></p>
<p style="text-align: center;">Laura Minßen, Kl. 9a<br />
<em>♦ neustarterin</em></p>
<p style="text-align: center;">Kieran Büsing, Kl. 9a<br />
<em>♦ texten  ♦ fotografieren</em></p>
<p style="text-align: center;">Lennox Grajewski, Kl. 9a<br />
<em>♦ neustarter</em></p>
<p style="text-align: center;">Adrian Schött, Kl. 9a<br />
<em>♦ video  ♦ kreatives texten</em></p>
<p style="text-align: center;">Finn Ole Jaedtke, Kl. 9a<br />
<em>♦ texten ♦ fotografieren</em></p>
<p style="text-align: center;">Amelie Lisner, Kl. 9c<br />
<em>♦ texten</em></p>
<p style="text-align: center;">Benjamin Elsner, Kl. 9c<br />
<em>♦ neustarter</em></p>
<p style="text-align: center;">Dean Meyer, Kl. 9d<br />
<em>♦  recherche  ♦ texten  ♦ instagram</em></p>
<p style="text-align: center;">Anna Sikora, Kl. 9d<br />
<em>♦ neustarterin  ♦ texten</em></p>
<p style="text-align: center;">AG-Betreuer: Herr Lange<br />
<em>♦ Korrekturleser  ♦ Kaffeetrinker  </em></p>

<p>Die Schulzeitung ABER HALLO erscheint in der Regel einmal, in besonderen Fällen zweimal pro Schuljahr. In einer Arbeitsgemeinschaft arbeiten die Schülerinnen und Schüler jeden Mittwochnachmittag von 13.40 Uhr bis 17 Uhr im Redaktionsraum in der Schule. Unsere aktuelle Redaktion (2025/26): Lucien Rachner, Kl. 9c (Chefredakteur)   ♥ texten ♦ fotografieren ♦ instagram  ♦ tiktok Jenke&#8230;</p>
